 divided by 20.
17
What is the remainder when 129712 is divided by 203?
198
What is the remainder when 1764 is divided by 103?
13
Calculate the remainder when 6730 is divided by 741.
61
Calculate the remainder when 11284 is divided by 114.
112
What is the remainder when 5374 is divided by 54?
28
Calculate the remainder when 14674 is divided by 1652.
1458
What is the remainder when 10742 is divided by 1783?
44
What is the remainder when 136372 is divided by 573?
571
What is the remainder when 28809 is divided by 7167?
141
Calculate the remainder when 27329 is divided by 79.
74
Calculate the remainder when 51353 is divided by 304.
281
What is the remainder when 12268 is divided by 75?
43
Calculate the remainder when 51704 is divided by 12924.
8
Calculate the remainder when 59709 is divided by 2982.
69
Calculate the remainder when 125 is divided by 84.
41
Calculate the remainder when 91841 is divided by 1874.
15
What is the remainder when 6839 is divided by 2546?
1747
What is the remainder when 2370 is divided by 396?
390
What is the remainder when 102769 is divided by 42?
37
What is the remainder when 741400 is divided by 82376?
16
Calculate the remainder when 308369 is divided by 1762.
19
Calculate the remainder when 2175042 is divided by 17.
11
What is the remainder when 9706 is divided by 528?
202
What is the remainder when 632 is divided by 11?
5
Calculate the remainder when 170638 is divided by 85307.
24
Calculate the remainder when 143650 is divided by 188.
18
Calculate the remainder when 1872 is divided by 255.
87
What is the remainder when 117326 is divided by 39106?
8
What is the remainder when 316229 is divided by 17?
12
Calculate the remainder when 290488 is divided by 618.
28
Calculate the remainder when 1244233 is divided by 1036.
1033
Calculate the remainder when 149349 is divided by 42.
39
Calculate the remainder when 170 is divided by 55.
5
What is the remainder when 330825 is divided by 4726?
5
Calculate the remainder when 10981 is divided by 70.
61
What is the remainder when 145517 is divided by 237?
236
Calculate the remainder when 2493 is divided by 36.
9
Calculate the remainder when 5107 is divided by 125.
107
Calculate the remainder when 39086 is divided by 48.
14
What is the remainder when 210876 is divided by 196?
176
Calculate the remainder when 42796 is divided by 17.
7
What is the remainder when 74958 is divided by 7494?
18
What is the remainder when 42137 is divided by 958?
943
What is the remainder when 12211 is divided by 304?
51
Calculate the remainder when 432098 is divided by 149.
147
What is the remainder when 1788 is divided by 356?
8
Calculate the remainder when 37223 is divided by 471.
14
What is the remainder when 70437 is divided by 120?
117
What is the remainder when 33271 is divided by 577?
382
Calculate the remainder when 11272 is divided by 51.
1
What is the remainder when 45419 is divided by 10?
9
What is the remainder when 3966 is divided by 238?
158
What is the remainder when 10316 is divided by 116?
108
Calculate the remainder when 56672 is divided by 27.
26
Calculate the remainder when 3910 is divided by 11.
5
Calculate the remainder when 3006 is divided by 270.
36
Calculate the remainder when 20076 is divided by 162.
150
Calculate the remainder when 164949 is divided by 200.
149
Calculate the remainder when 8171 is divided by 2379.
1034
What is the remainder when 15145 is divided by 15096?
49
Calculate the remainder when 33511 is divided by 7.
2
Calculate the remainder when 5284815 is divided by 62.
59
What is the remainder when 1591 is divided by 271?
236
What is the remainder when 49425 is divided by 3?
0
Calculate the remainder when 53245 is divided by 4420.
205
What is the remainder when 14696 is divided by 233?
17
What is the remainder when 100472 is divided by 197?
2
Calculate the remainder when 28501 is divided by 64.
21
Calculate the remainder when 2704 is divided by 477.
319
Calculate the remainder when 109741 is divided by 46.
31
What is the remainder when 1499 is divided by 1492?
7
What is the remainder when 3761 is divided by 1201?
158
Calculate the remainder when 420907 is divided by 1725.
7
Calculate the remainder when 24844 is divided by 6208.
12
What is the remainder when 353068 is divided by 85?
63
Calculate the remainder when 2684 is divided by 32.
28
What is the remainder when 454 is divided by 38?
36
Calculate the remainder when 341617 is divided by 38.
35
Calculate the remainder when 33351 is divided by 38.
25
What is the remainder when 523438 is divided by 3061?
7
Calculate the remainder when 4991 is divided by 4.
3
What is the remainder when 29605 is divided by 205?
85
Calculate the remainder when 3711 is divided by 514.
113
Calculate the remainder when 14204 is divided by 4731.
11
Calculate the remainder when 365 is divided by 119.
8
What is the remainder when 2658346 is divided by 137?
135
What is the remainder when 3744 is divided by 1857?
30
Calculate the remainder when 352114 is divided by 352113.
1
What is the remainder when 3138 is divided by 1566?
6
What is the remainder when 64763 is divided by 514?
513
What is the remainder when 977402 is divided by 766?
752
Calculate the remainder when 36422 is divided by 29.
27
Calculate the remainder when 425402 is divided by 98.
82
Calculate the remainder when 2264 is divided by 36.
32
What is the remainder when 160249 is divided by 336?
313
What is the remainder when 11360 is divided by 284?
0
What is the remainder when 952376 is divided by 15?
11
Calculate the remainder when 44750 is divided by 53.
18
Calculate the remainder when 7874 is divided by 246.
2
Calculate the remainder when 29799 is divided by 1741.
202
What is the remainder when 1559 is divided by 1171?
388
What is the remainder when 40117 is divided by 17?
14
Calculate the remainder when 10079 is divided by 10000.
79
What is the remainder when 241020 is divided by 36?
0
What is the remainder when 26002 is divided by 3710?
32
Calculate the remainder when 59420 is divided by 32.
28
What is the remainder when 7293 is divided by 121?
33
Calculate the remainder when 22270 is divided by 116.
114
What is the remainder when 280705 is divided by 157?
146
Calculate the remainder when 8458 is divided by 322.
86
Calculate the remainder when 5255 is divided by 199.
81
Calculate the remainder when 14142 is divided by 99.
84
Calculate the remainder when 1807 is divided by 594.
25
What is the remainder when 4957 is divided by 422?
315
Calculate the remainder when 75264 is divided by 612.
600
What is the remainder when 15539 is divided by 38?
35
What is the remainder when 5874 is divided by 111?
102
Calculate the remainder when 19893 is divided by 23.
21
What is the remainder when 23308 is divided by 5826?
4
Calculate the remainder when 315628 is divided by 45.
43
Calculate the remainder when 8056 is divided by 533.
61
Calculate the remainder when 73916 is divided by 569.
515
Calculate the remainder when 1170509 is divided by 112.
109
What is the remainder when 27154 is divided by 26?
10
Calculate the remainder when 240239 is divided by 528.
527
Calculate the remainder when 6026130 is divided by 107.
104
What is the remainder when 2213 is divided by 114?
47
What is the remainder when 70863 is divided by 206?
205
What is the remainder when 96586 is divided by 480?
106
What is the remainder when 10759 is divided by 10745?
14
What is the remainder when 76563 is divided by 15298?
73
What is the remainder when 19766 is divided by 22?
10
What is the remainder when 3920 is divided by 582?
428
Calculate the remainder when 2039 is divided by 31.
24
What is the remainder when 191734 is divided by 191726?
8
What is the remainder when 1745 is divided by 315?
170
What is the remainder when 5970 is divided by 199?
0
Calculate the remainder when 476559 is divided by 740.
739
Calculate the remainder when 238481 is divided by 1084.
1
Calculate the remainder when 11675 is divided by 1665.
20
Calculate the remainder when 5625 is divided by 1716.
477
What is the remainder when 1186 is divided by 554?
78
What is the remainder when 602707 is divided by 32?
19
Calculate the remainder when 982505 is divided by 16.
9
What is the remainder when 12847 is divided by 21?
16
Calculate the remainder when 2